{"id":1511,"date":"2022-01-24T22:26:21","date_gmt":"2022-01-24T21:26:21","guid":{"rendered":"http:\/\/81.170.152.112\/virawp\/?page_id=1511"},"modified":"2022-01-24T22:39:51","modified_gmt":"2022-01-24T21:39:51","slug":"digital-vira","status":"publish","type":"page","link":"http:\/\/81.170.152.112\/virawp\/?page_id=1511","title":{"rendered":"Digital vira"},"content":{"rendered":"\n<p>LVS har tagit fram en l\u00f6sning f\u00f6r att spela vira p\u00e5 n\u00e4tet.<br>Spelet sker i en app som startas via denna hemsida.<br>Appen kommunicerar i sin tur med en server.<\/p>\n\n\n\n<p>N\u00e4r man startar appen laddas en fil till webl\u00e4saren, d\u00e4r den kompileras.<br>Allt detta sker i en \u2019sandbox\u2019, och skall vara tryggt \u2013> skall inte kunna orsaka n\u00e5gon skada p\u00e5 er maskin.<\/p>\n\n\n\n<p>F\u00f6r utbildningssyfte och provspels \u00e4ndam\u00e5l kan man n\u00e5 appen via en speciell <a href=\"http:\/\/81.170.152.112\/virawp\/?page_id=1174\" data-type=\"page\" data-id=\"1174\">utbildningssida<\/a> som \u00e4r l\u00f6senordsskyddad.<\/p>\n\n\n\n<p>F\u00f6r regulj\u00e4rt spel kr\u00e4vs f\u00f6r n\u00e4rvarande konto som styrelsemedlem.<\/p>\n","protected":false},"excerpt":{"rendered":"<p>LVS har tagit fram en l\u00f6sning f\u00f6r att spela vira p\u00e5 n\u00e4tet.Spelet sker i en app som startas via denna hemsida.Appen kommunicerar i sin tur med en server. N\u00e4r man [&hellip;]<\/p>\n","protected":false},"author":6,"featured_media":0,"parent":0,"menu_order":0,"comment_status":"closed","ping_status":"closed","template":"","meta":{"_lmt_disableupdate":"no","_lmt_disable":"","footnotes":""},"class_list":["post-1511","page","type-page","status-publish","hentry"],"_links":{"self":[{"href":"http:\/\/81.170.152.112\/virawp\/index.php?rest_route=\/wp\/v2\/pages\/1511","targetHints":{"allow":["GET"]}}],"collection":[{"href":"http:\/\/81.170.152.112\/virawp\/index.php?rest_route=\/wp\/v2\/pages"}],"about":[{"href":"http:\/\/81.170.152.112\/virawp\/index.php?rest_route=\/wp\/v2\/types\/page"}],"author":[{"embeddable":true,"href":"http:\/\/81.170.152.112\/virawp\/index.php?rest_route=\/wp\/v2\/users\/6"}],"replies":[{"embeddable":true,"href":"http:\/\/81.170.152.112\/virawp\/index.php?rest_route=%2Fwp%2Fv2%2Fcomments&post=1511"}],"version-history":[{"count":3,"href":"http:\/\/81.170.152.112\/virawp\/index.php?rest_route=\/wp\/v2\/pages\/1511\/revisions"}],"predecessor-version":[{"id":1515,"href":"http:\/\/81.170.152.112\/virawp\/index.php?rest_route=\/wp\/v2\/pages\/1511\/revisions\/1515"}],"wp:attachment":[{"href":"http:\/\/81.170.152.112\/virawp\/index.php?rest_route=%2Fwp%2Fv2%2Fmedia&parent=1511"}],"curies":[{"name":"wp","href":"https:\/\/api.w.org\/{rel}","templated":true}]}}