{"id":1743,"date":"2022-11-14T22:57:00","date_gmt":"2022-11-14T21:57:00","guid":{"rendered":"http:\/\/81.170.152.112\/virawp\/?page_id=1743"},"modified":"2022-11-14T23:44:37","modified_gmt":"2022-11-14T22:44:37","slug":"sm-vira-2022","status":"publish","type":"page","link":"http:\/\/81.170.152.112\/virawp\/?page_id=1743","title":{"rendered":"SM Vira 2022"},"content":{"rendered":"\n<p>SM i vira 2022 arrangerades av J\u00f6nk\u00f6pings viraklubb 12-13 november.<\/p>\n\n\n\n<figure class=\"wp-block-image size-large is-resized\"><img loading=\"lazy\" decoding=\"async\" src=\"http:\/\/81.170.152.112\/virawp\/wp-content\/uploads\/2022\/11\/20221113_155254-576x1024.jpg\" alt=\"\" class=\"wp-image-1754\" width=\"500\" height=\"889\" srcset=\"http:\/\/81.170.152.112\/virawp\/wp-content\/uploads\/2022\/11\/20221113_155254-576x1024.jpg 576w, http:\/\/81.170.152.112\/virawp\/wp-content\/uploads\/2022\/11\/20221113_155254-169x300.jpg 169w, http:\/\/81.170.152.112\/virawp\/wp-content\/uploads\/2022\/11\/20221113_155254-768x1365.jpg 768w, http:\/\/81.170.152.112\/virawp\/wp-content\/uploads\/2022\/11\/20221113_155254-scaled.jpg 1440w\" sizes=\"auto, (max-width: 500px) 100vw, 500px\" \/><figcaption>Prispallen 2022<\/figcaption><\/figure>\n\n\n\n<p class=\"has-text-align-center\"><strong>Finalbordet<\/strong><\/p>\n\n\n\n<figure class=\"wp-block-table\"><table><tbody><tr><td>Signe S\u00e4wen<\/td><td>90,00<\/td><\/tr><tr><td>Henric Berendt<\/td><td>45,50<\/td><\/tr><tr><td>Lars Johansson<\/td><td>21,00<\/td><\/tr><tr><td>Gunilla Berendt<\/td><td>14,50<\/td><\/tr><\/tbody><\/table><\/figure>\n\n\n\n<p class=\"has-text-align-center\"><strong>Tr\u00f6stturneringen<\/strong><\/p>\n\n\n\n<figure class=\"wp-block-table\"><table><tbody><tr><td>Anders Berkmo<\/td><td>29,00<\/td><\/tr><tr><td>Ulf Magnusson<\/td><td>24,00<\/td><\/tr><tr><td>Lars Nielsen<\/td><td>23,00<\/td><\/tr><tr><td>Bror Andreasson<\/td><td>22,00<\/td><\/tr><tr><td>Ulf Strann\u00e5<\/td><td>21,00<\/td><\/tr><tr><td>Lars Olsson<\/td><td>15,00<\/td><\/tr><tr><td>Christer Sohlberg<\/td><td>8,00<\/td><\/tr><tr><td>Magnus Backlund<\/td><td>8,00<\/td><\/tr><tr><td>Klara Asplund<\/td><td>5,00<\/td><\/tr><tr><td>Bengt Green<\/td><td>4,00<\/td><\/tr><tr><td>Thomas Nilsson<\/td><td>4,00<\/td><\/tr><tr><td>Raymond Gallardo<\/td><td>2,00<\/td><\/tr><tr><td>Staffan S\u00e4wen<\/td><td>0,00<\/td><\/tr><tr><td>Stefan Brus<\/td><td>-3,00<\/td><\/tr><tr><td>Toivo S\u00e4wen<\/td><td>-4,00<\/td><\/tr><tr><td>Joakim Tillas<\/td><td>-5,00<\/td><\/tr><tr><td>Mike Hawkins<\/td><td>-6,00<\/td><\/tr><tr><td>Janne Westlund<\/td><td>-10,00<\/td><\/tr><tr><td>Johan Ohlin<\/td><td>-14,00<\/td><\/tr><tr><td>Hanna Shev<\/td><td>-16,00<\/td><\/tr><tr><td>P\u00e4r Kvist<\/td><td>-22,00<\/td><\/tr><tr><td>Olle J\u00e4fvert<\/td><td>-25,00<\/td><\/tr><tr><td>Berit Eldemar Nilsson<\/td><td>-27,00<\/td><\/tr><tr><td>Erik Bergman<\/td><td>-33,00<\/td><\/tr><\/tbody><\/table><\/figure>\n\n\n\n<p class=\"has-text-align-center\"><strong>Grundomg\u00e5ngen<\/strong><\/p>\n\n\n\n<figure class=\"wp-block-table\"><table><tbody><tr><td>Signe S\u00e4wen<\/td><td>118,00<\/td><\/tr><tr><td>Henric Berendt<\/td><td>93,00<\/td><\/tr><tr><td>Lars Johansson<\/td><td>68,00<\/td><\/tr><tr><td>Gunilla Berendt<\/td><td>63,00<\/td><\/tr><tr><td>Janne Westlund<\/td><td>60,00<\/td><\/tr><tr><td>Klara Asplund<\/td><td>36,00<\/td><\/tr><tr><td>Anders Berkmo<\/td><td>26,00<\/td><\/tr><tr><td>Olle J\u00e4fvert<\/td><td>25,00<\/td><\/tr><tr><td>Bror Andreasson<\/td><td>21,00<\/td><\/tr><tr><td>Christer Sohlberg<\/td><td>15,00<\/td><\/tr><tr><td>Johan Ohlin<\/td><td>15,00<\/td><\/tr><tr><td>Stefan Brus<\/td><td>10,00<\/td><\/tr><tr><td>Lars Nielsen<\/td><td>2,00<\/td><\/tr><tr><td>Lars Olsson<\/td><td>-2,00<\/td><\/tr><tr><td>Joakim Tillas<\/td><td>-9,00<\/td><\/tr><tr><td>Bengt Green<\/td><td>-13,00<\/td><\/tr><tr><td>Mike Hawkins<\/td><td>-13,00<\/td><\/tr><tr><td>P\u00e4r Kvist<\/td><td>-17,00<\/td><\/tr><tr><td>Ulf Magnusson<\/td><td>-27,00<\/td><\/tr><tr><td>Berit Eldemar Nilsson<\/td><td>-30,00<\/td><\/tr><tr><td>Thomas Nilsson<\/td><td>-35,00<\/td><\/tr><tr><td>Toivo S\u00e4wen<\/td><td>-36,00<\/td><\/tr><tr><td>Staffan S\u00e4wen<\/td><td>-41,00<\/td><\/tr><tr><td>Raymond Gallardo<\/td><td>-53,00<\/td><\/tr><tr><td>Magnus Backlund<\/td><td>-53,00<\/td><\/tr><tr><td>Hanna Shev<\/td><td>-65,00<\/td><\/tr><tr><td>Erik Bergman<\/td><td>-65,00<\/td><\/tr><tr><td>Ulf Strann\u00e5<\/td><td>-93,00<\/td><\/tr><\/tbody><\/table><\/figure>\n","protected":false},"excerpt":{"rendered":"<p>SM i vira 2022 arrangerades av J\u00f6nk\u00f6pings viraklubb 12-13 november. Finalbordet Signe S\u00e4wen 90,00 Henric Berendt 45,50 Lars Johansson 21,00 Gunilla Berendt 14,50 Tr\u00f6stturneringen Anders Berkmo 29,00 Ulf Magnusson 24,00 [&hellip;]<\/p>\n","protected":false},"author":6,"featured_media":0,"parent":273,"menu_order":0,"comment_status":"closed","ping_status":"closed","template":"","meta":{"_lmt_disableupdate":"no","_lmt_disable":"","footnotes":""},"class_list":["post-1743","page","type-page","status-publish","hentry"],"_links":{"self":[{"href":"http:\/\/81.170.152.112\/virawp\/index.php?rest_route=\/wp\/v2\/pages\/1743","targetHints":{"allow":["GET"]}}],"collection":[{"href":"http:\/\/81.170.152.112\/virawp\/index.php?rest_route=\/wp\/v2\/pages"}],"about":[{"href":"http:\/\/81.170.152.112\/virawp\/index.php?rest_route=\/wp\/v2\/types\/page"}],"author":[{"embeddable":true,"href":"http:\/\/81.170.152.112\/virawp\/index.php?rest_route=\/wp\/v2\/users\/6"}],"replies":[{"embeddable":true,"href":"http:\/\/81.170.152.112\/virawp\/index.php?rest_route=%2Fwp%2Fv2%2Fcomments&post=1743"}],"version-history":[{"count":4,"href":"http:\/\/81.170.152.112\/virawp\/index.php?rest_route=\/wp\/v2\/pages\/1743\/revisions"}],"predecessor-version":[{"id":1759,"href":"http:\/\/81.170.152.112\/virawp\/index.php?rest_route=\/wp\/v2\/pages\/1743\/revisions\/1759"}],"up":[{"embeddable":true,"href":"http:\/\/81.170.152.112\/virawp\/index.php?rest_route=\/wp\/v2\/pages\/273"}],"wp:attachment":[{"href":"http:\/\/81.170.152.112\/virawp\/index.php?rest_route=%2Fwp%2Fv2%2Fmedia&parent=1743"}],"curies":[{"name":"wp","href":"https:\/\/api.w.org\/{rel}","templated":true}]}}