{"id":2482,"date":"2024-11-14T15:02:22","date_gmt":"2024-11-14T14:02:22","guid":{"rendered":"http:\/\/81.170.152.112\/virawp\/?page_id=2482"},"modified":"2024-11-15T11:00:32","modified_gmt":"2024-11-15T10:00:32","slug":"vira-sm-2024","status":"publish","type":"page","link":"http:\/\/81.170.152.112\/virawp\/?page_id=2482","title":{"rendered":"Vira SM 2024"},"content":{"rendered":"\n<p>Sydg\u00f6ken arrangerade <em>Vira SM 2024<\/em><\/p>\n\n\n\n<figure class=\"wp-block-image size-large\"><img loading=\"lazy\" decoding=\"async\" width=\"640\" height=\"480\" src=\"http:\/\/81.170.152.112\/virawp\/wp-content\/uploads\/2024\/11\/sm2024.jpg\" alt=\"\" class=\"wp-image-2487\" srcset=\"http:\/\/81.170.152.112\/virawp\/wp-content\/uploads\/2024\/11\/sm2024.jpg 640w, http:\/\/81.170.152.112\/virawp\/wp-content\/uploads\/2024\/11\/sm2024-300x225.jpg 300w\" sizes=\"auto, (max-width: 640px) 100vw, 640px\" \/><figcaption>Prispallen<\/figcaption><\/figure>\n\n\n\n<figure class=\"wp-block-table\"><table><tbody><tr><td>Thomas Nilsson <\/td><td>Sydg\u00f6ken<\/td><\/tr><tr><td>\u00c5sa Karlsson<\/td><td>Sydg\u00f6ken<\/td><\/tr><tr><td>Stefan Brus<\/td><td>Stockholms Wiras\u00e4llskap<\/td><\/tr><tr><td>Berit Eldemar<\/td><td>Sydg\u00f6ken<\/td><\/tr><\/tbody><\/table><figcaption>Det j\u00e4mna finalbordet<\/figcaption><\/figure>\n\n\n\n<p>Var n\u00e4sta SM arrangeras \u00e4r tyv\u00e4rr i dagsl\u00e4get oklart. B\u00e5de LVS, som tycker att de st\u00e5r p\u00e5 tur, och Sydg\u00f6ken har visat intresse.<\/p>\n\n\n\n<p>LVS:s Lars Nielsen hamnade tyv\u00e4rr p\u00e5 en blygsam placering. F\u00f6ljande referat f\u00e5r f\u00f6rklara varf\u00f6r.<\/p>\n\n\n\n<hr class=\"wp-block-separator\"\/>\n\n\n\n<p>Hej<\/p>\n\n\n\n<p>Nu \u00e4r SM avklarat. Jag b\u00f6rjade ganska bra med andraplats, men p\u00e5 slutet av f\u00f6rsta dagen hade jag lite otur. I st\u00e4llet f\u00f6r att ligga kring finalstrecket hamnade jag i mitten. Mina f\u00f6rs\u00f6k att avancera p\u00e5 s\u00f6ndagen gick inte, men trots n\u00e5gra lite v\u00e4l dj\u00e4rva bud (sjuspel med omk\u00f6p som gick bet) s\u00e5 gjorde jag i princip ett nollresultat p\u00e5 s\u00f6ndagen och hamnade typ mitt i f\u00e4ltet.<\/p>\n\n\n\n<p>\u00c4ven om det var j\u00e4mnt kring finalstrecket s\u00e5 var det tv\u00e5 spelare som drog iv\u00e4g, Thomas Nilsson och \u00c5sa Karlsson. Vid finalbordet fick de slutligen s\u00e4llskap av Stefan Brus och Thomas fru Berit. Finalbordet resulterade efter drygt tv\u00e5 timmars spel med +3,+1,-1,-3, och det blev ingen omkastning. Slutresultatet blev i ovanst\u00e5ende ordning. <\/p>\n\n\n\n<p>Jag hade h\u00f6gsta bud under ordinarie spel med Solo petit mis\u00e4r efter en l\u00e5ng budgivning p\u00e5 tre varv som var intressant, men i tr\u00f6stturneringen blev jag omsprungen, f\u00f6rst av Solo 10 och sedan av Solo petit mis\u00e4r ouverte. Det fanns ett par andra intressanta givar men det \u00e4r l\u00e5ngt att skriva s\u00e5 vi f\u00e5r ta det muntligt n\u00e4r vi tr\u00e4ffas. Bl.a. bj\u00f6d jag Solo 6 efter en l\u00e5ng budgivning p\u00e5 tre varv, och p\u00e5 en hand med f\u00f6rdelningen 5-0-6-2 gjorde jag en miss i t\u00e4nkandet. Jag vet inte om det hade betydelse men jag passade n\u00e4r jag skulle bjudit. L\u00e5ste fast mig vid G\u00f6k som var korrekt att inte bjuda men jag missade annan enkel m\u00f6jlighet.<\/p>\n\n\n\n<p>Slutligen en hand som verkar otrolig men som faktiskt \u00e4r principiellt intressant. A spelar G\u00f6k och l\u00e4gger upp 11 kl\u00f6ver som \u00e4r s\u00e4kra i botten och dessutom hj\u00e4rter 3-4. Motspelet startar med kl\u00f6ver kung och b\u00e5da har var sin kl\u00f6ver. N\u00e4sta stick kommer en liten spader, spelf\u00f6raren sakar en hj\u00e4rter och Janne Westlund som \u00e4r en av motspelarna kommer in. Han har hj 2 och tre hj\u00e4rter till, men har ju absolut inget annat att spela \u00e4n just hj 2. Spelf\u00f6raren l\u00e4gger hj 3 och den andre motspelaren \u00e4r renons! Spelf\u00f6raren tar 11 stick! Man inser att A har kastat 7 hj\u00e4rter, och t\u00e4nker man efter s\u00e5 \u00e4r A ocks\u00e5 v\u00e4ldigt k\u00e4nslig f\u00f6r 3-1 i hj\u00e4rter som ju \u00f6kar sannolikheten avsev\u00e4rt j\u00e4mf\u00f6rt med bara 4-0. Jag fr\u00e5gade Janne om det fanns n\u00e5gon annan m\u00f6jlighet f\u00f6r A, t.ex. att beh\u00e5lla en annan trea eller n\u00e5got men det hade de inte tittat p\u00e5. Slutsatsen blir \u00e4nd\u00e5 att det \u00e4r b\u00e4ttre att s\u00e4tta sig med tv\u00e5 treor \u00e4n 3-4 i en f\u00e4rg d\u00e4r man kastat sju.<\/p>\n\n\n\n<p>P\u00e5 tal om 4-0 s\u00e5 spelade Erik Bergman Vira och tog f\u00f6rsta stick. Sedan la han upp handen och sa att han var hemma om inte trumfen sitter 4-0. D\u00e5 la Bengt Gren upp kn fj\u00e4rde och sa att givetvis sitter trumfen 4-0.<\/p>\n","protected":false},"excerpt":{"rendered":"<p>Sydg\u00f6ken arrangerade Vira SM 2024 Thomas Nilsson Sydg\u00f6ken \u00c5sa Karlsson Sydg\u00f6ken Stefan Brus Stockholms Wiras\u00e4llskap Berit Eldemar Sydg\u00f6ken Det j\u00e4mna finalbordet Var n\u00e4sta SM arrangeras \u00e4r tyv\u00e4rr i dagsl\u00e4get oklart. [&hellip;]<\/p>\n","protected":false},"author":6,"featured_media":0,"parent":273,"menu_order":0,"comment_status":"closed","ping_status":"closed","template":"","meta":{"_lmt_disableupdate":"no","_lmt_disable":"","footnotes":""},"class_list":["post-2482","page","type-page","status-publish","hentry"],"_links":{"self":[{"href":"http:\/\/81.170.152.112\/virawp\/index.php?rest_route=\/wp\/v2\/pages\/2482","targetHints":{"allow":["GET"]}}],"collection":[{"href":"http:\/\/81.170.152.112\/virawp\/index.php?rest_route=\/wp\/v2\/pages"}],"about":[{"href":"http:\/\/81.170.152.112\/virawp\/index.php?rest_route=\/wp\/v2\/types\/page"}],"author":[{"embeddable":true,"href":"http:\/\/81.170.152.112\/virawp\/index.php?rest_route=\/wp\/v2\/users\/6"}],"replies":[{"embeddable":true,"href":"http:\/\/81.170.152.112\/virawp\/index.php?rest_route=%2Fwp%2Fv2%2Fcomments&post=2482"}],"version-history":[{"count":6,"href":"http:\/\/81.170.152.112\/virawp\/index.php?rest_route=\/wp\/v2\/pages\/2482\/revisions"}],"predecessor-version":[{"id":2495,"href":"http:\/\/81.170.152.112\/virawp\/index.php?rest_route=\/wp\/v2\/pages\/2482\/revisions\/2495"}],"up":[{"embeddable":true,"href":"http:\/\/81.170.152.112\/virawp\/index.php?rest_route=\/wp\/v2\/pages\/273"}],"wp:attachment":[{"href":"http:\/\/81.170.152.112\/virawp\/index.php?rest_route=%2Fwp%2Fv2%2Fmedia&parent=2482"}],"curies":[{"name":"wp","href":"https:\/\/api.w.org\/{rel}","templated":true}]}}