{"id":2919,"date":"2025-09-11T21:51:59","date_gmt":"2025-09-11T19:51:59","guid":{"rendered":"http:\/\/81.170.152.112\/virawp\/?page_id=2919"},"modified":"2026-02-21T15:44:57","modified_gmt":"2026-02-21T14:44:57","slug":"medlem-i-lvs","status":"publish","type":"page","link":"http:\/\/81.170.152.112\/virawp\/?page_id=2919","title":{"rendered":"Medlem i LVS"},"content":{"rendered":"\n<p>Givetvis str\u00e4var vi i Link\u00f6pings viras\u00e4llskap hela tiden efter att \u00f6ka v\u00e5rt medlemsantal. V\u00e5ra provspelskv\u00e4llar \u00e4r ju en del i att introducera intresserade till viraspelet. N\u00e4r man k\u00e4nner intresset f\u00f6r mera spel och gemenskap b\u00f6r det ju bli naturligt att bli medlem i Link\u00f6pings viras\u00e4llskap.<\/p>\n\n\n\n<p>Som medlem st\u00f6ttar man f\u00f6reningen, f\u00e5r tillg\u00e5ng till medlemssidorna med styrelseprotokol etc., f\u00e5r delta i KM, samt v\u00e5r-h\u00f6st stegar, och kan representera LVS i SM och andra virat\u00e4vlingar runt om i Sverige.<\/p>\n\n\n\n<ul class=\"wp-block-list\"><\/ul>\n\n\n\n<p>Medlemsavgiften f\u00f6r 2026 \u00e4r endast 100:-.<\/p>\n\n\n\n<p class=\"has-text-align-center\">S\u00e5 : <strong>BLI MEDLEM NU!<\/strong><br>l\u00e4gg till namn i meddelandef\u00e4ltet!<\/p>\n\n\n<div class=\"wp-block-image\">\n<figure class=\"aligncenter size-full is-resized\"><img loading=\"lazy\" decoding=\"async\" width=\"625\" height=\"945\" src=\"http:\/\/81.170.152.112\/virawp\/wp-content\/uploads\/2025\/09\/medlemsswish.png\" alt=\"\" class=\"wp-image-2922\" style=\"width:251px;height:auto\" srcset=\"http:\/\/81.170.152.112\/virawp\/wp-content\/uploads\/2025\/09\/medlemsswish.png 625w, http:\/\/81.170.152.112\/virawp\/wp-content\/uploads\/2025\/09\/medlemsswish-198x300.png 198w\" sizes=\"auto, (max-width: 625px) 100vw, 625px\" \/><\/figure><\/div>","protected":false},"excerpt":{"rendered":"<p>Givetvis str\u00e4var vi i Link\u00f6pings viras\u00e4llskap hela tiden efter att \u00f6ka v\u00e5rt medlemsantal. V\u00e5ra provspelskv\u00e4llar \u00e4r ju en del i att introducera intresserade till viraspelet. N\u00e4r man k\u00e4nner intresset f\u00f6r [&hellip;]<\/p>\n","protected":false},"author":6,"featured_media":0,"parent":0,"menu_order":0,"comment_status":"closed","ping_status":"closed","template":"","meta":{"_lmt_disableupdate":"","_lmt_disable":"","footnotes":""},"class_list":["post-2919","page","type-page","status-publish","hentry"],"_links":{"self":[{"href":"http:\/\/81.170.152.112\/virawp\/index.php?rest_route=\/wp\/v2\/pages\/2919","targetHints":{"allow":["GET"]}}],"collection":[{"href":"http:\/\/81.170.152.112\/virawp\/index.php?rest_route=\/wp\/v2\/pages"}],"about":[{"href":"http:\/\/81.170.152.112\/virawp\/index.php?rest_route=\/wp\/v2\/types\/page"}],"author":[{"embeddable":true,"href":"http:\/\/81.170.152.112\/virawp\/index.php?rest_route=\/wp\/v2\/users\/6"}],"replies":[{"embeddable":true,"href":"http:\/\/81.170.152.112\/virawp\/index.php?rest_route=%2Fwp%2Fv2%2Fcomments&post=2919"}],"version-history":[{"count":6,"href":"http:\/\/81.170.152.112\/virawp\/index.php?rest_route=\/wp\/v2\/pages\/2919\/revisions"}],"predecessor-version":[{"id":3351,"href":"http:\/\/81.170.152.112\/virawp\/index.php?rest_route=\/wp\/v2\/pages\/2919\/revisions\/3351"}],"wp:attachment":[{"href":"http:\/\/81.170.152.112\/virawp\/index.php?rest_route=%2Fwp%2Fv2%2Fmedia&parent=2919"}],"curies":[{"name":"wp","href":"https:\/\/api.w.org\/{rel}","templated":true}]}}