{"id":466,"date":"2020-03-01T16:07:59","date_gmt":"2020-03-01T15:07:59","guid":{"rendered":"http:\/\/81.170.152.112\/virawp\/?page_id=466"},"modified":"2025-09-12T22:31:47","modified_gmt":"2025-09-12T20:31:47","slug":"spelkvallar","status":"publish","type":"page","link":"http:\/\/81.170.152.112\/virawp\/?page_id=466","title":{"rendered":"Spelkv\u00e4llar"},"content":{"rendered":"\n<p>H\u00e4r kommer att finnas resultat fr\u00e5n v\u00e5ra \u00f6ppna spelkv\u00e4llar i Filbyter Bridge&#8217;s lokaler.<\/p>\n\n\n\n<p>OBS: F\u00f6r n\u00e4rvarande \u00e4r de \u00f6ppna spelkv\u00e4llarna ersatta av v\u00e5ra <a href=\"http:\/\/81.170.152.112\/virawp\/?page_id=2628\" data-type=\"page\" data-id=\"2628\">V3<\/a> och <a href=\"http:\/\/81.170.152.112\/virawp\/?page_id=2864\" data-type=\"page\" data-id=\"2864\">HV7<\/a> kv\u00e4llar<\/p>\n\n\n\n<p><br>N\u00e4sta spelkv\u00e4ll: Se <a href=\"http:\/\/81.170.152.112\/virawp\/\">hemsidan<\/a><\/p>\n\n\n\n<figure class=\"wp-block-table\"><table><thead><tr><th>Datum<\/th><th>Antal spelare<\/th><th>H\u00f6gsta bud<\/th><th>Segrare<\/th><\/tr><\/thead><tbody><tr><td>2020-01-21<\/td><td>6<\/td><td>Solo 8 Hf, jolon<\/td><td>troligen Lars N<\/td><\/tr><tr><td>2020-02-27<\/td><td>3<\/td><td>Solo 8, Ulf S<\/td><td>Lars Erik<\/td><\/tr><tr><td><\/td><td>CORONAPAUS<\/td><td><\/td><td><\/td><\/tr><tr><td>2023-02-27<\/td><td>4<\/td><td>Vingel 7, P\u00e4r Kvist<\/td><td>P\u00e4r Kvist<\/td><\/tr><\/tbody><\/table><\/figure>\n","protected":false},"excerpt":{"rendered":"<p>H\u00e4r kommer att finnas resultat fr\u00e5n v\u00e5ra \u00f6ppna spelkv\u00e4llar i Filbyter Bridge&#8217;s lokaler. OBS: F\u00f6r n\u00e4rvarande \u00e4r de \u00f6ppna spelkv\u00e4llarna ersatta av v\u00e5ra V3 och HV7 kv\u00e4llar N\u00e4sta spelkv\u00e4ll: Se [&hellip;]<\/p>\n","protected":false},"author":6,"featured_media":0,"parent":29,"menu_order":0,"comment_status":"closed","ping_status":"closed","template":"templates\/template-full-width.php","meta":{"_lmt_disableupdate":"no","_lmt_disable":"","footnotes":""},"class_list":["post-466","page","type-page","status-publish","hentry"],"_links":{"self":[{"href":"http:\/\/81.170.152.112\/virawp\/index.php?rest_route=\/wp\/v2\/pages\/466","targetHints":{"allow":["GET"]}}],"collection":[{"href":"http:\/\/81.170.152.112\/virawp\/index.php?rest_route=\/wp\/v2\/pages"}],"about":[{"href":"http:\/\/81.170.152.112\/virawp\/index.php?rest_route=\/wp\/v2\/types\/page"}],"author":[{"embeddable":true,"href":"http:\/\/81.170.152.112\/virawp\/index.php?rest_route=\/wp\/v2\/users\/6"}],"replies":[{"embeddable":true,"href":"http:\/\/81.170.152.112\/virawp\/index.php?rest_route=%2Fwp%2Fv2%2Fcomments&post=466"}],"version-history":[{"count":8,"href":"http:\/\/81.170.152.112\/virawp\/index.php?rest_route=\/wp\/v2\/pages\/466\/revisions"}],"predecessor-version":[{"id":2928,"href":"http:\/\/81.170.152.112\/virawp\/index.php?rest_route=\/wp\/v2\/pages\/466\/revisions\/2928"}],"up":[{"embeddable":true,"href":"http:\/\/81.170.152.112\/virawp\/index.php?rest_route=\/wp\/v2\/pages\/29"}],"wp:attachment":[{"href":"http:\/\/81.170.152.112\/virawp\/index.php?rest_route=%2Fwp%2Fv2%2Fmedia&parent=466"}],"curies":[{"name":"wp","href":"https:\/\/api.w.org\/{rel}","templated":true}]}}